c - 1. Let o(i) = 3*i - 2. Let b(v) = v**3 - 7*v**2 - 10*v + 11. Let m be b(8). Let q(l) = m*k(l) + 2*o(l). Give q(1).
2
Let c(f) = -6*f**2 - 1. Let h(j) = 19*j**2 - 2*j + 4. Let r(b) = -7*c(b) - 2*h(b). Calculate r(-3).
23
Let o(n) = 231 - 232 + 8*n - n. What is o(1)?
6
Let x be 40/(-32)*-4*1. Let s(w) = -w**3 + 4*w**2 + 5*w - 3. Determine s(x).
-3
Let s(o) = -o + 5. Let d be 4/14 - (3 - (-141)/(-21)). Calculate s(d).
1
Let r(a) = -3*a**2 - 3*a + 4*a**3 + 12*a**3 - 5 + 3 - 15*a**3. Let f = 3 - 0. Give r(f).
-11
Let d be 9/(-45) - 4/5. Let b(z) = -2 - 4*z**3 + 1 + 0*z**3. Calculate b(d).
3
Let l(g) be the first derivative of -g**2/2 - 2*g - 2. Determine l(-2).
0
Let d(m) = m**3 - 2*m**2 - 1. Let n(u) = -u**2. Let y(h) = d(h) - 2*n(h). Suppose 3*p = w + 2, 0 = 4*p + 2*w + 4. Let v be 2*1/2 + p. Give y(v).
0
Suppose 0 = 4*l + 5*y - 36, -36 = -6*l + l - 4*y. Suppose 5*h + l = 14. Let w(j) = 6*j + 1. Give w(h).
13
Let p(c) = 2*c - 1. Let l(w) = -w. Let g(h) = -3*l(h) - p(h). Let s = 13 + 3. Suppose 2*k = 6*k + s. Determine g(k).
-3
Let o(d) = 2 - d + 4*d - 2*d + 5. Give o(-3).
4
Let i(h) = -3*h - 4. Let g(s) = 4*s + 5. Let p(f) = 2*g(f) + 3*i(f). Give p(0).
-2
Let a(l) = -l**3 + l**2. Let n be -3*((-8)/3)/2. Suppose 5*v + t = -t + 55, 5*t + 11 = n*v. Let p be 12/v - 1/3. Calculate a(p).
0
Let r(t) = 3*t + 9 - 4*t - t. Let x be r(7). Let m(p) = -4*p**2 + 0*p**2 - 5 + 3*p + 0*p**2 + 5*p**2. What is m(x)?
5
Let q(j) be the third derivative of j**6/120 - 7*j**5/60 + j**4/3 - j**3/2 + 2*j**2. Determine q(6).
9
Let q(w) be the third derivative of w**8/20160 - w**6/720 - w**5/15 + w**2. Let y(c) be the third derivative of q(c). What is y(-1)?
0
Suppose 4*p - 3 = 1. Let u = 2 - p. Let h(b) = u - b + 3 + 0*b - 2. Calculate h(6).
-4
Let f(b) = -b**3 - 3*b**2 + b - 1. Let d be f(-3). Let l(g) = -g**3 - 5*g**2 - 3*g + 4. Calculate l(d).
0
Let z(o) = o**2 - 6*o - 2. Let t be ((-44)/16 + 4)*4. What is z(t)?
-7
Let r(o) = -o**2 + 1. Suppose 9*t = 8*t + 6. Let m(q) = 4*q**2 + 5*q - 10. Let k(d) = t*r(d) + m(d). What is k(3)?
-7
Let i(w) = -7*w**3 - 2*w**2 + w**2 + 1 - w**2. Suppose -3*b + 16 = 3*j + 1, -2*j - 3*b = -11. Suppose j*g + 5*v - 4*v = -7, -5*g - 3*v - 14 = 0. Give i(g).
6
Let g(x) = 2*x + 17. Let p be g(-6). Let l(q) = -q**2 - 9*q + 2. Let w be l(-9). Let k(v) = -3 - 4*v**w + 3*v**2 + 1 + 6*v - 4. Calculate k(p).
-1
Let s be ((-6)/15)/(4/20). Let t(w) = 2*w**2 + 4*w + 3. What is t(s)?
3
Let p(w) = 1. Suppose -4*b - 9 = 11. Let i(o) = -5*o - 2. Let x(z) = b*p(z) - i(z). Give x(3).
12
Let x(w) be the second derivative of -w**5/60 + w**4/24 + w**3/6 - 2*w**2 + 4*w. Let v(p) be the first derivative of x(p). Calculate v(-1).
-1
Let a(f) = -24*f + f**2 - 2 + 14*f + 4*f. Give a(7).
5
Let k be 2 - ((-2 - -4) + -5). Let w(n) = n**2 - 9*n + 4. What is w(k)?
-16
Let z(x) be the second derivative of -x**3/3 + x**2 - x. Let a be ((-10)/9)/5 + 141/27. Give z(a).
-8
Let w(s) = -s**3 + 3*s**2 + 3*s + 4. Let o be w(4). Suppose o = 3*d + d. Let g(b) = -1 + d*b - 2*b - b. Determine g(-1).
2
Let t(g) = -g**2 - g + 3. Let f be 2/(-4) - -1*7/2. Calculate t(f).
-9
Let s(r) = -r + 7. Let j = 0 + 2. Suppose 0 = b - 4*f - 24, j*f + 13 + 35 = 5*b. Let u be s(b). Let w(o) = 6*o**2 - 1. Determine w(u).
5
Let y(t) = -t**2 - 7 - 6 + 4 + 8*t. Suppose 0 = 5*f + 8 - 23. Let o be 9 - (0 - f)*-1. Calculate y(o).
3
Suppose 0*i + 2*h = -2*i + 14, -2*i + 18 = -2*h. Suppose -2*k - 2*k = i. Let u(p) = 4*p - 1. What is u(k)?
-9
Let r be (-1)/(-3) - 28/(-6). Let c(o) = -o. Let k(p) = -p. Let z(a) = r*k(a) - 6*c(a). Let m(h) = 2*h - 2. Let b(g) = -m(g) + z(g). Determine b(3).
-1
Let r(v) be the first derivative of -v**4/4 + 5*v**3/3 - 2*v**2 + 6*v - 1. Suppose 2*q = d - 2*q, -5*q + 13 = 2*d. Calculate r(d).
6
Let a be 2/6*(7 + 2). Let w(k) = -2*k**2 - 6*k - 4. Suppose 2*n - 6 - 8 = 0. Let u(l) = l**2 + 3*l + 2. Let q(m) = a*w(m) + n*u(m). Give q(-2).
0
Suppose -w = 4*a - 21, -3*w + 2*a + 23 = 6*a. Let x = w - -1. Let z(s) = s**x - 5 - 7*s - 1 - 2*s**2. Give z(-5).
4
Let n = 0 + 2. Let w(c) = -4*c + n*c + c + 4*c. Suppose -y + 3 = 5. Give w(y).
-6
Let g = -10 + 13. Let k(w) = 4*w**3 - 7*w**2 - 7*w + 6. Let t(r) = 5*r**3 - 8*r**2 - 8*r + 7. Let b(f) = g*t(f) - 4*k(f). Give b(5).
-8
Let f(j) = 2*j - 3. Suppose 1 = o - 3*c, 0*o + c = o - 3. What is f(o)?
5
Let x(g) = -5*g**2 - 4*g - 1. Let n(l) = 3*l**2 + 3*l + 1. Let p(u) = 3*n(u) + 2*x(u). Determine p(2).
-1
Let y(j) = -j**2 + 1. Let u(r) = r**2 - r - 5. Let h be 1 + 2 + -2 - 4. Let v(d) = h*y(d) - u(d). Give v(-2).
8
Let l(j) = j - 6. Let h be l(10). Let b(c) = c**3 - 3*c**2 - 2*c - 5. Determine b(h).
3
Let z(y) = -y**2 - 12*y - 7. Let x be z(-11). Suppose x*v + 1 = 3*v. Let b be v/(-3) - 20/6. Let p(q) = 5*q + 4. Give p(b).
-11
Suppose 6*j + 6 = 3*j. Let b(i) be the first derivative of i**5/20 - i**3/3 - i**2/2 - i + 2. Let n(r) be the first derivative of b(r). Determine n(j).
-5
Let k be ((-2)/3)/(2*2/6). Let m(x) = 5*x**3 - x**2 + 1. What is m(k)?
-5
Let a(o) = o**2 - 2*o - 4. Suppose 2*p = -p + 132. Let m be (-1)/4 - (-231)/p. Determine a(m).
11
Let l = 19 - 27. Let g be 20/l + (-1)/(-2). Let p(h) = 2*h - h**3 + 0*h**3 + 1 - 3*h**2 + h. Give p(g).
-9
Let f(w) be the first derivative of w**4/4 - 2*w**3/3 - w**2/2 - 3*w - 1. Let q be f(3). Let x(j) = -17 - 4*j + 20 + 0*j + j**2. Calculate x(q).
0
Let t = 2 + -2. Suppose t = 3*u + u + 16. Let i(v) be the third derivative of -v**5/60 - v**4/6 - 2*v**3/3 - v**2. Give i(u).
-4
Let q(v) = v**2 + v - 2. Let n = 6 + -2. Suppose -2*t = -n*t - 8. What is q(t)?
10
Let y be -2 - (-5 - (-4 + 4)). Let s(x) = x - 1. What is s(y)?
2
Let l(q) = -q. Let k(v) = 5*v + 1. Let h(u) = -k(u) - 4*l(u). Let z(r) = r + 5. Let c(w) = -5*h(w) - z(w). Give c(-1).
-4
Let k(z) = z**3 + 13*z**2 + 11*z - 16. Let t be k(-12). Let w(n) = n**3 + 5*n**2 + 4*n + 1. Calculate w(t).
1
Let v(m) = -11*m**3 - 2*m**2 + 2*m - 1. Suppose 4*q + 3 - 7 = 0. What is v(q)?
-12
Suppose f = -b + 4*b - 11, -b + f + 5 = 0. Let y(i) = -i**2 - 2*i - 3. Let w be y(b). Let a be 38/(-9) - 4/w. Let l(r) = -r**3 - 5*r**2 - 4*r - 3. Give l(a).
-3
Let x(s) = -2*s**2 + 3*s - 3. Let c be (8/(-4))/(-1 + 2). Let z = c + 3. Suppose -h + 3 = z. Determine x(h).
-5
Let s(j) = j + 2. Suppose -2*c - 26 = 2*g + 3*g, 16 = -g - 4*c. Suppose -3*u - 42 = -2*z - z, -4*u = -z + 26. Let w be g/z + (-81)/(-15). Determine s(w).
7
Suppose 4*g = 3*p + 11, 2*p - 5*p - 3*g + 24 = 0. Let b(m) = 4*m - 2. Let k(f) = f. Let z(c) = 2*b(c) - 4*k(c). Calculate z(p).
8
Let n(q) = 6*q**2 + q. Let r = 4 - 5. Let w be -2*(-1)/(-2)*r. Give n(w).
7
Let d(q) be the third derivative of q**6/120 - q**5/15 - q**4/8 - 5*q**3/6 - 17*q**2. What is d(5)?
5
Suppose -3 + 19 = -4*s. Let z(j) = -8*j**3 - 1. Let u be z(-1). Let i(a) = -a**2 + u - a - 4 - 3*a. What is i(s)?
3
Suppose 0 = 5*z + 19 + 11. Let p(s) = -2*s**2 - 9*s - 6. What is p(z)?
-24
Let k be (5/20)/(1/8). Let v(y) = 5*y**k - 6*y**2 + 2 + y + y. Calculate v(3).
-1
Let k(t) be the second derivative of t**4/12 - 3*t**3/2 + 2*t**2 + t. What is k(7)?
-10
Let f(h) = -4*h**3 + 10*h**2 - 2*h - 7. Let p(q) = -11*q**3 + 29*q**2 - 5*q - 20. Let z(n) = -8*f(n) + 3*p(n). What is z(7)?
3
Suppose 0 = 3*u + 2 + 1. Suppose -j = -1 - 2. Let g(a) = -a + 8*a**3 - a**2 - 2 + 4 - 3 - 5*a**j. Determine g(u).
-4
Let u(q) = -11 + 8 - q + 0*q**2 + 1 - q**2. Determine u(4).
-22
Suppose p + 30 = -4*p. Let r(h) = -9*h - 5. Let y(l) = 11*l + 6. Let t(d) = -6*r(d) - 5*y(d). Give t(p).
6
Suppose -3*m - 2*s + 22 + 24 = 0, 2*m - 52 = 4*s. Let v = m + -25. Let y = v - -12. Let d(i) = i + 2. Calculate d(y).
7
Let r(i) = -5*i + 7. Let u(y) = -3*y + 4. Let q(d) = -4*r(d) + 7*u(d). Calculate q(-3).
3
Let g be (-18)/(-45) + -57*(-2)/15. Let s(l) = l**3 - 7*l**2 - 10*l + 10. What is s(g)?
-6
Let i(d) be the third derivative of d**5/60 - d**3/6 - 3*d**2. Suppose -5*y - 7*g - 5 = -2*g, 0 = 3*y - 2*g + 8. What is i(y)?
3
Let f(h) = 84*h. Let l(d) = 7*d. Let r(j) = 4*f(j) - 49*l(j). Give r(1).
-7
Let i(p) = -p**2 + 6*p - 9. Let l be (-46)/(-8) - (-4)/16. What is i(l)?
-9
Let m(b) = b + 2. Let w be m(-2). Let a(n) = -n + 5*n**3 - n - 1 + w*n**3 - n**2. Suppose -2 = 5*i + 3*s, i + 5*s - 1 = 3. Determine a(i).
-5
Let u(a) = -a + 5 + 2*a - 2. Calculate u(5).
8
Let g(z) = -z + 17. Let